-61
11b (base 16) to base 4
10123
13 (base 11) to base 16
e
Convert -27 (base 13) to base 4.
-201
What is 11 (base 11) in base 14?
c
Convert -11111 (base 2) to base 8.
-37
Convert -1 (base 5) to base 14.
-1
Convert 1 (base 12) to base 2.
1
Convert 1 (base 11) to base 10.
1
Convert -126 (base 10) to base 15.
-86
4 (base 7) to base 12
4
-1 (base 2) to base 16
-1
-86 (base 14) to base 15
-7d
What is -112 (base 9) in base 14?
-68
What is -15 (base 16) in base 14?
-17
Convert -17b (base 14) to base 10.
-305
Convert -1 (base 3) to base 14.
-1
What is -4 (base 10) in base 7?
-4
What is 55 (base 14) in base 8?
113
Convert -5 (base 13) to base 15.
-5
-63 (base 11) to base 4
-1011
What is -31 (base 4) in base 6?
-21
What is 4 (base 10) in base 2?
100
Convert -123 (base 6) to base 13.
-3c
13 (base 7) to base 9
11
-2 (base 12) to base 5
-2
What is -3 (base 11) in base 4?
-3
ec (base 16) to base 4
3230
What is -30 (base 5) in base 10?
-15
Convert 0 (base 9) to base 3.
0
Convert -511 (base 6) to base 15.
-c7
Convert 120 (base 3) to base 7.
21
Convert 14 (base 10) to base 2.
1110
What is 9 (base 11) in base 4?
21
What is 4 (base 9) in base 3?
11
What is 47 (base 11) in base 4?
303
Convert -1 (base 2) to base 13.
-1
What is 42 (base 14) in base 9?
64
Convert 111 (base 3) to base 2.
1101
What is 3 (base 5) in base 2?
11
What is 106 (base 7) in base 6?
131
Convert -2 (base 10) to base 11.
-2
Convert -38 (base 11) to base 13.
-32
Convert b6 (base 13) to base 10.
149
Convert 27 (base 8) to base 12.
1b
What is -1a3 (base 15) in base 8?
-572
What is 10 (base 10) in base 6?
14
What is -510 (base 7) in base 14?
-140
-442 (base 9) to base 3
-111102
3 (base 6) to base 7
3
Convert 10 (base 3) to base 2.
11
3 (base 7) to base 13
3
Convert 10 (base 4) to base 6.
4
Convert -10 (base 7) to base 3.
-21
What is 30 (base 16) in base 13?
39
Convert 5 (base 14) to base 2.
101
What is 6 (base 15) in base 13?
6
44 (base 5) to base 9
26
What is -23 (base 5) in base 15?
-d
Convert -230 (base 6) to base 4.
-1122
What is -11 (base 15) in base 4?
-100
What is 4 (base 13) in base 6?
4
What is -10 (base 2) in base 10?
-2
-8 (base 10) to base 7
-11
-39 (base 12) to base 13
-36
-1010 (base 2) to base 5
-20
-44 (base 16) to base 13
-53
Convert 5 (base 6) to base 10.
5
What is 2 (base 14) in base 3?
2
14 (base 16) to base 12
18
What is 51 (base 6) in base 13?
25
0 (base 4) to base 3
0
What is -13 (base 5) in base 8?
-10
Convert -1010111 (base 2) to base 4.
-1113
-3 (base 8) to base 7
-3
Convert 13 (base 4) to base 14.
7
Convert -b (base 13) to base 11.
-10
What is 0 (base 2) in base 8?
0
Convert 0 (base 13) to base 16.
0
Convert -1001010 (base 2) to base 14.
-54
Convert 530 (base 7) to base 15.
12b
Convert -54 (base 13) to base 2.
-1000101
-2 (base 10) to base 5
-2
What is -10011000 (base 2) in base 10?
-152
What is 57 (base 9) in base 10?
52
What is 4 (base 9) in base 13?
4
What is 0 (base 7) in base 6?
0
Convert 2 (base 15) to base 13.
2
What is 1002 (base 3) in base 12?
25
What is 265 (base 8) in base 10?
181
What is 3 (base 6) in base 4?
3
Convert -42 (base 10) to base 8.
-52
What is 31 (base 15) in base 16?
2e
Convert 53 (base 8) to base 10.
43
Convert -15 (base 6) to base 2.
-1011
4 (base 10) to base 3
11
What is -1011 (base 4) in base 6?
-153
1 (base 3) to base 14
1
What is -1010 (base 5) in base 14?
-94
Convert 0 (base 7) to base 5.
0
Convert 221 (base 3) to base 15.
1a
Convert -126 (base 13) to base 2.
-11001001
What is 0 (base 7) in base 2?
0
-23b (base 12) to base 14
-19d
Convert 9d (base 16) to base 13.
c1
-2 (base 13) to base 8
-2
18d (base 15) to base 16
166
Convert 1100101 (base 2) to base 4.
1211
Convert 2 (base 8) to base 16.
2
Convert -4 (base 8) to base 4.
-10
Convert 20 (base 8) to base 13.
13
What is 150 (base 8) in base 14?
76
-1 (base 2) to base 14
-1
What is 1 (base 12) in base 7?
1
What is 104 (base 7) in base 3?
1222
Convert 15 (base 15) to base 6.
32
Convert 1b (base 16) to base 5.
102
0 (base 13) to base 14
0
Convert 62 (base 8) to base 10.
50
What is 1e (base 16) in base 3?
1010
What is -84 (base 12) in base 8?
-144
Convert -11 (base 8) to base 5.
-14
Convert -3 (base 16) to base 13.
-3
What is -3 (base 16) in base 5?
-3
What is -1 (base 16) in base 2?
-1
Convert -91 (base 10) to base 14.
-67
-2 (base 13) to base 7
-2
Convert -25 (base 10) to base 14.
-1b
1 (base 5) to base 12
1
111101 (base 2) to base 8
75
-6d (base 14) to base 5
-342
What is 1111 (base 2) in base 13?
12
Convert 16 (base 14) to base 2.
10100
-3 (base 6) to base 7
-3
Convert 2 (base 15) to base 12.
2
Convert 8 (base 12) to base 7.
11
What is -4 (base 12) in base 2?
-100
-d7 (base 15) to base 7
-406
115 (base 14) to base 10
215
Convert 192 (base 10) to base 6.
520
What is b9 (base 14) in base 5?
1123
What is -120 (base 13) in base 16?
-c3
e1 (base 16) to base 3
22100
Convert 28 (base 15) to base 2.
100110
-76 (base 8) to base 4
-332
8d (base 14) to base 10
125
Convert 6 (base 13) to base 3.
20
48 (base 14) to base 11
59
Convert 4 (base 13) to base 3.
11
What is 14 (base 16) in base 6?
32
Convert -2 (base 13) to base 14.
-2
What is 23 (base 11) in base 13?
1c
What is 72 (base 10) in base 8?
110
9 (base 12) to base 2
1001
What is 3 (base 14) in base 9?
3
40 (base 7) to base 9
31
Convert 1 (base 4) to base 2.
1
Convert -1001000 (base 2) to base 9.
-80
Convert -3 (base 15) to base 13.
-3
What is 28 (base 9) in base 2?
11010
What is -11 (base 4) in base 6?
-5
24 (base 9) to base 6
34
What is 1310 (base 4) in base 9?
138
Convert -2 (base 15) to base 16.
-2
25 (base 16) to base 6
101
Convert 5 (base 15) to base 11.
5
5 (base 16) to base 13
5
Convert 7 (base 13) to base 15.
7
-15 (base 7) to base 10
-12
What is 10102 (base 3) in base 10?
92
-1112 (base 3) to base 13
-32
What is 3 (base 12) in base 15?
3
What is 0 (base 15) in base 11?
0
-5b (base 12) to base 13
-56
What is 6 (base 7) in base 8?
6
Convert -211 (base 3) to base 16.
-16
-122 (base 4) to base 14
-1c
What is -1404 (base 6) in base 11?
-301
What is 10 (base 8) in base 14?
8
b (base 15) to base 12
b
What is -2 (base 5) in base 7?
-2
6 (base 8) to base 7
6
What is 3 (base 9) in base 13?
3
Convert 2 (base 11) to base 4.
2
Convert -9 (base 15) to base 2.
-1001
What is -37 (base 8) in base 6?
-51
-320 (base 4) to base 14
-40
-4 (base 9) to base 3
-11
Convert 5 (base 14) to base 12.
5
What is 2300 (base 4) in base 16?
b0
What is -322 (base 7) in base 8?
-243
Convert -11 (base 6) to base 15.
-7
1 (base 4) to base 10
1
What is -43 (base 14) in base 5?
-214
1 (base 3) to base 5
1
10 (base 3) to base 14
3
Convert -21 (base 16) to base 4.
-201
Convert 12 (base 16) to base 2.
10010
-364 (base 7) to base 15
-cd
What is -2 (base 9) in base 4?
-2
Convert -242 (base 6) to base 3.
-10122
What is -231 (base 6) in base 13?
-70
c5 (base 13) to base 3
12222
What is -202 (base 3) in base 10?
-20
-85 (base 10) to base 3
-10011
What is 7 (base 13) in base 6?
11
Convert -1b (base 15) to base 10.
-26
-4 (base 7) to base 15
-4
What is 0 (base 16) in base 8?
0
-2d (base 15) to base 11
-3a
-a0 (base 14) to base 3
-12012
What is 8 (base 14) in base 12?
8
Convert 162 (base 13) to base 5.
1444
-204 (base 7) to base 15
-6c
What is 7 (base 11) in base 7?
10
3 (base 10) to base 3
10
What is 2 (base 12) in base 8?
2
-1 (base 7) to base 2
-1
Convert -c (base 16) to base 13.
-c
Convert 5 (base 16) to base 3.
12
What is 1 (base 9) in base 15?
1
What is -2e (base 16) in base 2?
-101110
Convert 110 (base 2) to base 15.
6
Convert -1303 (base 4) to base 8.
-163
Convert 2b (base 12) to base 11.
32
What is 11001 (base 2) in base 3?
221
Convert -123 (base 8) to base 2.
-1010011
What is -1 (base 3) in base 14?
-1
Convert -100 (base 2) to base 3.
-11
4 (base 12) to base 13
4
Convert -11001001 (base 2) to base 13.
-126
-5 (base 14) to base 4
-11
10 (base 13) to base 7
16
218 (base 10) to base 13
13a
What is -4 (base 12) in base 6?
-4
-114 (base 6) to base 12
-3a
-22 (base 11) to base 12
-20
-38 (base 16) to base 3
-2002
Convert -1 (base 4) to base 11.
-1
Convert -b (base 12) to base 14.
-b
What is 30 (base 4) in base 16?
c
Convert 20110 (base 3) to base 16.
ae
Convert 26 (base 7) to base 8.
24
Convert -3 (base 8) to base 16.
-3
-5 (base 15) to base 16
-5
Convert 8 (base 9) to base 16.
8
